3
Let r be 60/(-2)*((-6)/(-5) - 0). What are the prime factors of -20*((-6)/(-27) + 1241/r)?
5, 137
Let o(t) = -t**2 + 13*t - 29. Let q be o(9). Suppose -2*f + w + 1846 = 0, 4*w - q*w - 4613 = -5*f. List the prime factors of f.
5, 37
Suppose 5 = 5*h + 5*s, -s - s - 14 = -2*h. Let j(k) = -63*k + 19. Let f(x) = -16*x + 5. Let w(i) = -18*f(i) + 4*j(i). What are the prime factors of w(h)?
2, 5, 13
Let f(u) = -u**2 + 16*u + 25. Suppose -2*d = -2, -s + 3*d + 82 = 4*s. Let y be f(s). Suppose 0 = -y*w + 17 + 1903. What are the prime factors of w?
2, 3, 5
Suppose 23*j - 43*j + 158975 + 40485 = 0. What are the prime factors of j?
9973
Let h be 1/(-16)*-1028*60. Suppose -186*b = -201*b + h. List the prime factors of b.
257
Let s = -6254 - -11990. List the prime factors of s.
2, 3, 239
Suppose 6 = j - 3*b, -b = -4*j - 2*b + 11. Suppose -135 = -j*a + 3*n + 24, 153 = 3*a - 5*n. What are the prime factors of a?
2, 7
Let b = -19 - -27. Suppose -b*r - r - 243 = 0. What are the prime factors of ((-50)/18 - (-6)/r) + 103?
2, 5
Let f(x) = x**3 + 3*x**2 + 7. Let u be f(0). List the prime factors of 403/(6/14 - (-4)/u).
13, 31
Suppose 18*p + 468 = 15*p. Let a = -466 - p. Let k = a - -439. List the prime factors of k.
3, 43
List the prime factors of -1 + 1 - ((-2613)/(-6))/13*-274.
67, 137
Suppose 3*z + 8671 - 11437 - 40827 = 0. List the prime factors of z.
11, 1321
Let d(c) = -9*c + 4*c + 13*c - 2*c**3 - 31*c**2 + 28 - 15. List the prime factors of d(-17).
2, 3, 31
Let j(w) = 5*w**2 + 12*w + 33. Let z(p) = -5*p - 4. Let b be z(4). Let y = b + 18. List the prime factors of j(y).
3, 47
Suppose -15 = 3*d - 3*a, 4*d - 5*a + 17 = 7*d. Let b be 406/(-12) + 2*d/12. What are the prime factors of b/(-51)*786/4?
131
Let b(m) = 66*m - 951. List the prime factors of b(81).
3, 5, 293
Let q(d) = d**3 - 5*d**2 - 6*d + 1. Let l be q(6). Let k be 4 + (0 - -4 - l). Suppose 4*a + k = 295. What are the prime factors of a?
2, 3
Let l(u) = 874*u**2 + 18*u - 73. What are the prime factors of l(4)?
3, 59, 79
Let g(v) = 4377*v + 14099. List the prime factors of g(6).
40361
What are the prime factors of ((-1621)/(-2))/((-145)/(-870))?
3, 1621
Let m = -521 - -2102. Suppose -3*r = -3*k - m, -541 = -2*r - k + 501. List the prime factors of r.
523
List the prime factors of (-44007 - (-1 + -2))*(-78 - -77).
2, 3, 19, 193
Let m(b) = b**2 + b - 9. Let k be m(3). Suppose -k*f - 3*f = 576. Let r = -11 - f. List the prime factors of r.
5, 17
Let l(f) = 495*f - 1419. What are the prime factors of l(13)?
2, 3, 11, 19
Let n be 1720 - 9*1/(-3). Let j = 271 + n. What are the prime factors of j?
2, 997
Let v = -21963 - -31071. What are the prime factors of v?
2, 3, 11, 23
Suppose 3*f + 5*u = 6931, 5*u - 8110 = -4*f + 1128. List the prime factors of f.
3, 769
Suppose t - 422*j + 419*j = 10661, -4*t - 2*j + 42728 = 0. What are the prime factors of t?
59, 181
Suppose -23*t + 14*t = -18. Suppose 3*k + 748 = 4*j, 2*k + t*k + 16 = 0. List the prime factors of j.
2, 23
Let c(x) = 4*x**2 + 71*x - 5535. What are the prime factors of c(151)?
2, 3, 5, 7, 17
Let v(j) = 159*j + 2655. What are the prime factors of v(48)?
3, 127
Let i(n) = -2310*n - 174. What are the prime factors of i(-6)?
2, 3, 2281
Suppose 0 = -99*y + 742402 + 933074. List the prime factors of y.
2, 4231
Suppose 0 = -3*x + 2*w + 221540 - 53935, 5*w = -2*x + 111724. What are the prime factors of x?
7, 23, 347
Let t = -5678 + 10695. List the prime factors of t.
29, 173
Let x(b) = 4*b + 10. Let m(l) = -4*l - 9. Suppose 25 = 5*f - 10*f. Let z(k) = f*m(k) - 4*x(k). What are the prime factors of z(26)?
109
Suppose 2*v - 4*v = 0. Suppose v = 3*w + 3*k - 198, 9*w - k = 14*w - 326. List the prime factors of w.
5, 13
Let r(b) = 2*b**2 - 23*b - 8. Let w be r(12). Suppose -5*l + w*f = -2498, l - 5*f - 499 = -4*f. List the prime factors of l.
2, 251
Let h = -70 - -104. Suppose -17*k + h*k = 18071. What are the prime factors of k?
1063
Suppose 5*t - 4*d - 19 - 16 = 0, 4*t - 2*d = 22. Suppose -m + 428 = t*m + 5*j, 3*j = -2*m + 212. What are the prime factors of m?
2, 7
Let w(y) = -249*y - 200. Suppose 4*k - 2*b + 6 = 0, 0 = -k - 3*b - 9 - 10. List the prime factors of w(k).
2, 199
Suppose -4*k + 167 = -2177. Let j = k - 273. Suppose j - 73 = 5*o. What are the prime factors of o?
2, 3
Let r = -3277 - -4107. What are the prime factors of r?
2, 5, 83
Let g be 7/(-14)*3*-4. List the prime factors of (g/15)/(11/385).
2, 7
Suppose 5*m - n = 63513, m - 5*n = 19226 - 6533. List the prime factors of m.
12703
Suppose 0 = 3*o - 308 - 436. Let d be (o/(-6))/((-427)/(-63) - 7). Suppose 0*v - 3*v + d = 0. What are the prime factors of v?
2, 31
Let i(z) = -466*z + 153. What are the prime factors of i(-17)?
5, 17, 19
Let z(r) = -r**3 - r**2 + 52. Let h be z(0). Suppose -18 = 5*a - 38. Suppose -24 = -i - w, a*w - h = -2*i - 0*w. What are the prime factors of i?
2, 11
Suppose 5*y - 347095 = 5*r, 10*y = 14*y - 5*r - 277670. What are the prime factors of y?
5, 2777
Let d = 33747 + -13994. Suppose 25*g - 7147 = d. What are the prime factors of g?
2, 269
Let q(x) = -x**2 - 14*x - 21. Let u be q(-9). Let k = -3 - u. List the prime factors of 1000/36 - 6/k.
2, 7
What are the prime factors of 3/((-709965)/59166 + 12)?
2, 19, 173
Let v(j) = -32*j + 79. Suppose -4*u - 18 - 10 = 5*b, 0 = -5*u + 2*b - 35. List the prime factors of v(u).
3, 101
Suppose 15*v - 1548 = 12*v. Suppose 1137 = 3*s + 3*t, -t - v + 127 = -s. What are the prime factors of s?
2, 3
Let a = 151141 - 65939. What are the prime factors of a?
2, 13, 29, 113
List the prime factors of (2699770/(-136))/((-30)/96).
2, 15881
Suppose -2*u - 1 = 2*b + 3, b = u - 10. Let y(l) = -3*l**3 - 20*l**2 + 9*l + 10. Let i be y(-7). List the prime factors of b/i - (2385/6)/(-3).
2, 67
Suppose -9278*p - 1119867 = -9299*p. What are the prime factors of p?
53327
Let w = -12 - -234. Let t = w - 45. List the prime factors of t.
3, 59
Suppose 13*b = 2*b + 2134. Let q = 199 - b. What are the prime factors of q?
5
Suppose -48123 = 13*t - 104933. What are the prime factors of t?
2, 5, 19, 23
Let c = -216 + 181. What are the prime factors of 10/c + -3*(-2127)/63?
101
Let f be ((-14)/(-21))/(2/(-60)*-4). Suppose 0 = -5*p - 0*p + 4*l + 176, -p + 24 = 2*l. Suppose 55 + p = m - 2*h, f = h. What are the prime factors of m?
97
Let d(m) be the second derivative of m**5/20 - m**4/2 - 14*m**3/3 - 55*m**2/2 - 281*m. List the prime factors of d(13).
2, 191
List the prime factors of (5 - (-112)/(-42))*4194.
2, 3, 7, 233
Let i = -27 + 38. Suppose -g - 5*j = i, -g - j + 2 - 1 = 0. Suppose -g*n = -n - 21. What are the prime factors of n?
7
Let u = -22459 - -41180. What are the prime factors of u?
97, 193
Suppose 6954 = 4*o - 4*q + 1110, -o + 3*q = -1459. Suppose 1334 + o = 3*c. List the prime factors of c.
2, 233
Let w be (-3)/(((-3)/(-30))/((-1866)/45)). Suppose -12*m = -8*m - w. Suppose -k + 2*u = -69 - 86, m = 2*k - 3*u. List the prime factors of k.
157
Suppose -27*c + w + 4458 = -22*c, 4*c + 4*w = 3576. What are the prime factors of -1 - -6 - ((-6)/(-2) - c)?
2, 3, 149
Suppose 63 = -d - 2*l, 0*l - 2 = 2*l. Let q = d - -59. List the prime factors of (2 - -4)/q + 232.
229
List the prime factors of -32*((-132)/48)/(-11) + 19467.
11, 29, 61
Let j = 168541 + -98906. List the prime factors of j.
5, 19, 733
List the prime factors of (-38960)/20*((-18)/(-15))/((-12)/105).
2, 3, 7, 487
Let d(w) = 3*w - 10. Let a(f) = -7*f + 19. Let u(c) = -3*a(c) - 5*d(c). Let y(g) = 2*g**3 - 26*g**2 + 3*g - 30. Let n be y(13). List the prime factors of u(n).
47
Let o(k) = 6*k**2 - 55*k + 11. Let g be o(25). Let v = -1666 + g. What are the prime factors of v/21 - 4/14?
2, 17
Let t = 195 + -193. Suppose -3*v = -x - 1189, -t*v + 4*x + 933 = 157. List the prime factors of v.
2, 199
Let h(c) = -2*c + 17. Let k be h(14). What are the prime factors of k/(55/15) - 114*-1?
3, 37
List the prime factors of (-55)/(-22)*(3 + 7047/15).
2, 3, 197
Let r be 1 + 4/(-6) - (-434)/(-6). Let u be -2 + (3 - (r + 4)). List the prime factors of u*(-2)/(-9)*6.
2, 23
Let n = -13551 - -35082. List the prime factors of n.
3, 7177
Let t be (6/(-2))/(3/(-8)). Let d be 16*(t + -1) + -8 + 7. Let o = 244 - d. What are the prime factors of o?
7, 19
Let b be 60/18*(-7)/(35/(-6)). Suppose -4663 = -b*q - 495. List the prime